
{"id":2,"date":"2021-10-20T14:40:23","date_gmt":"2021-10-20T18:40:23","guid":{"rendered":"\/outils\/?page_id=2"},"modified":"2025-06-18T13:38:21","modified_gmt":"2025-06-18T17:38:21","slug":"sample-page","status":"publish","type":"page","link":"\/outils\/","title":{"rendered":"Outil d\u2019aide pour savoir quoi faire selon vos r\u00e9sultats d\u2019analyse d\u2019eau"},"content":{"rendered":"\n<p>L\u2019outil d\u2019aide \u00e0 l\u2019interpr\u00e9tation est con\u00e7u pour vous aider \u00e0 comprendre vos r\u00e9sultats d\u2019analyse d\u2019eau. Pour l\u2019utiliser, <strong>vous devez avoir en main votre certificat d\u2019analyse<\/strong>. Vous devrez inscrire dans l\u2019outil les quantit\u00e9s de contaminants trouv\u00e9s dans votre eau.&nbsp;<\/p>\n\n\n\n<p>L\u2019outil vous dira clairement ce que les r\u00e9sultats signifient pour vous. Par exemple, il vous dira si votre eau est bonne \u00e0 boire ou encore si vous pouvez l\u2019utiliser pour cuisiner ou pour vous laver. L\u2019outil vous indiquera aussi quoi faire si votre eau contient un contaminant en trop grande quantit\u00e9. Enfin, iI vous fournira les coordonn\u00e9es de sp\u00e9cialistes de l\u2019eau qui pourront vous aider \u00e0 trouver des solutions si vous avez des probl\u00e8mes d\u2019eau.&nbsp;<\/p>\n\n\n\n<p>Maintenant que vous avez fait analyser votre eau, vous avez des r\u00e9sultats entre les mains.<\/p>\n\n\n\n<p>Le laboratoire devrait vous avoir remis un document qui s\u2019appelle \u00ab\u2009certificat d\u2019analyse\u2009\u00bb. Ce document regroupe plusieurs renseignements importants sur votre eau.<\/p>\n\n\n\n<h2 class=\"wp-block-heading\" id=\"comprendre-son-certificat-d-analyse\">Comprendre son certificat\u202fd\u2019analyse<\/h2>\n\n\n\n<p>Quelques d\u00e9finitions pour mieux comprendre votre certificat d\u2019analyse.&nbsp;<\/p>\n\n\n\n<ul class=\"wp-block-list ghostkit-custom-qxFwc\">\n<li><strong>Param\u00e8tres<\/strong>\u00a0: ce sont les noms des contaminants qui ont \u00e9t\u00e9 recherch\u00e9s dans votre eau lors de son analyse.<\/li>\n\n\n\n<li><strong>R\u00e9sultats<\/strong>\u00a0: ce chiffre indique la quantit\u00e9 de contaminants trouv\u00e9s, s\u2019il y a lieu. La quantit\u00e9 de contaminants qui se retrouvent dans votre eau s\u2019appelle aussi la <strong>concentration<\/strong>.<\/li>\n\n\n\n<li><strong>Unit\u00e9s<\/strong>\u00a0: ce sont les unit\u00e9s de mesure qui servent \u00e0 \u00e9valuer la quantit\u00e9 des contaminants trouv\u00e9s.<\/li>\n\n\n\n<li><strong>Crit\u00e8res<\/strong>\u00a0: ce chiffre indique la quantit\u00e9 maximum de contaminants que votre eau ne doit pas d\u00e9passer pour qu\u2019elle soit consid\u00e9r\u00e9e de bonne qualit\u00e9.<\/li>\n<\/ul>\n\n\n\n<div class=\"wp-block-buttons is-horizontal is-content-justification-center is-layout-flex wp-container-core-buttons-is-layout-499968f5 wp-block-buttons-is-layout-flex\">\n<div class=\"wp-block-button is-style-fill\"><a class=\"wp-block-button__link has-white-color has-text-color has-background wp-element-button\" href=\"\/outils\/?page_id=315\" style=\"background-color:#0194e1\">Pour commencer cliquez ici<\/a><\/div>\n<\/div>\n\n\n\n<h2 class=\"wp-block-heading\" id=\"les-niveaux-d-alerte\">Les niveaux d\u2019alerte<\/h2>\n\n\n\n<p>Des messages appara\u00eetront pour vous indiquer si votre eau est potable et de bonne qualit\u00e9. Ils vont fourniront aussi des explications afin de savoir quoi faire en cas de contamination.<\/p>\n\n\n\n<div class=\"ghostkit-alert ghostkit-custom-10pXuF\"><div class=\"ghostkit-alert-icon\"><svg class=\"ghostkit-svg-icon ghostkit-svg-icon-fa\" aria-hidden=\"true\" role=\"img\" xmlns=\"http:\/\/www.w3.org\/2000\/svg\" viewBox=\"0 0 512 512\"><path fill=\"currentColor\" d=\"M504 256c0 136.967-111.033 248-248 248S8 392.967 8 256 119.033 8 256 8s248 111.033 248 248zM227.314 387.314l184-184c6.248-6.248 6.248-16.379 0-22.627l-22.627-22.627c-6.248-6.249-16.379-6.249-22.628 0L216 308.118l-70.059-70.059c-6.248-6.248-16.379-6.248-22.628 0l-22.627 22.627c-6.248 6.248-6.248 16.379 0 22.627l104 104c6.249 6.249 16.379 6.249 22.628.001z\"><\/path><\/svg><\/div><div class=\"ghostkit-alert-content is-layout-flow wp-block-ghostkit-alert-is-layout-flow\">\n<h2 class=\"wp-block-heading has-text-color\" id=\"conforme\" style=\"color:#22cf6e\"><strong>Conforme<\/strong><\/h2>\n\n\n\n<p>L\u2019eau est conforme \u00e0 la norme ou \u00e0 la valeur recommand\u00e9e pour tous les usages.<\/p>\n<\/div><\/div>\n\n\n\n<div class=\"ghostkit-alert ghostkit-custom-1uocDq\"><div class=\"ghostkit-alert-icon\"><svg class=\"ghostkit-svg-icon ghostkit-svg-icon-fa\" aria-hidden=\"true\" role=\"img\" xmlns=\"http:\/\/www.w3.org\/2000\/svg\" viewBox=\"0 0 512 512\"><path fill=\"currentColor\" d=\"M349.565 98.783C295.978 98.783 251.721 64 184.348 64c-24.955 0-47.309 4.384-68.045 12.013a55.947 55.947 0 0 0 3.586-23.562C118.117 24.015 94.806 1.206 66.338.048 34.345-1.254 8 24.296 8 56c0 19.026 9.497 35.825 24 45.945V488c0 13.255 10.745 24 24 24h16c13.255 0 24-10.745 24-24v-94.4c28.311-12.064 63.582-22.122 114.435-22.122 53.588 0 97.844 34.783 165.217 34.783 48.169 0 86.667-16.294 122.505-40.858C506.84 359.452 512 349.571 512 339.045v-243.1c0-23.393-24.269-38.87-45.485-29.016-34.338 15.948-76.454 31.854-116.95 31.854z\"><\/path><\/svg><\/div><div class=\"ghostkit-alert-content is-layout-flow wp-block-ghostkit-alert-is-layout-flow\">\n<h2 class=\"wp-block-heading has-text-color\" id=\"a-surveiller\" style=\"color:#d6a900\"><strong>\u00c0 surveiller<\/strong><\/h2>\n\n\n\n<p>La pr\u00e9sence de ce contaminant doit \u00eatre surveill\u00e9e dans votre eau.<\/p>\n<\/div><\/div>\n\n\n\n<div class=\"ghostkit-alert ghostkit-custom-Z2cr3lc\"><div class=\"ghostkit-alert-icon\"><svg class=\"ghostkit-svg-icon ghostkit-svg-icon-fa\" aria-hidden=\"true\" role=\"img\" xmlns=\"http:\/\/www.w3.org\/2000\/svg\" viewBox=\"0 0 576 512\"><path fill=\"currentColor\" d=\"M569.517 440.013C587.975 472.007 564.806 512 527.94 512H48.054c-36.937 0-59.999-40.055-41.577-71.987L246.423 23.985c18.467-32.009 64.72-31.951 83.154 0l239.94 416.028zM288 354c-25.405 0-46 20.595-46 46s20.595 46 46 46 46-20.595 46-46-20.595-46-46-46zm-43.673-165.346l7.418 136c.347 6.364 5.609 11.346 11.982 11.346h48.546c6.373 0 11.635-4.982 11.982-11.346l7.418-136c.375-6.874-5.098-12.654-11.982-12.654h-63.383c-6.884 0-12.356 5.78-11.981 12.654z\"><\/path><\/svg><\/div><div class=\"ghostkit-alert-content is-layout-flow wp-block-ghostkit-alert-is-layout-flow\">\n<h2 class=\"wp-block-heading has-text-color\" id=\"attention\" style=\"color:#e47f3b\"><strong>Attention<\/strong><\/h2>\n\n\n\n<p>L\u2019eau pr\u00e9sente une vuln\u00e9rabilit\u00e9, ou d\u00e9passe la valeur recommand\u00e9e pour la qualit\u00e9 esth\u00e9tique.<\/p>\n<\/div><\/div>\n\n\n\n<div class=\"ghostkit-alert ghostkit-custom-sqmhu\"><div class=\"ghostkit-alert-icon\"><svg class=\"ghostkit-svg-icon ghostkit-svg-icon-fa\" aria-hidden=\"true\" role=\"img\" xmlns=\"http:\/\/www.w3.org\/2000\/svg\" viewBox=\"0 0 512 512\"><path fill=\"currentColor\" d=\"M256 8C119.034 8 8 119.033 8 256s111.034 248 248 248 248-111.034 248-248S392.967 8 256 8zm130.108 117.892c65.448 65.448 70 165.481 20.677 235.637L150.47 105.216c70.204-49.356 170.226-44.735 235.638 20.676zM125.892 386.108c-65.448-65.448-70-165.481-20.677-235.637L361.53 406.784c-70.203 49.356-170.226 44.736-235.638-20.676z\"><\/path><\/svg><\/div><div class=\"ghostkit-alert-content is-layout-flow wp-block-ghostkit-alert-is-layout-flow\">\n<h2 class=\"wp-block-heading has-text-color\" id=\"risque-a-la-sante-pour-les-personnes-plus-vulnerables\" style=\"color:#d500ff\"><strong>Risque \u00e0 la sant\u00e9 pour les personnes plus vuln\u00e9rables<\/strong><\/h2>\n\n\n\n<p>L\u2019eau d\u00e9passe la norme ou la valeur recommand\u00e9e pour la sant\u00e9 des personnes plus vuln\u00e9rables.<\/p>\n<\/div><\/div>\n\n\n\n<div class=\"ghostkit-alert ghostkit-custom-ZGlPyc\"><div class=\"ghostkit-alert-icon\"><svg class=\"ghostkit-svg-icon ghostkit-svg-icon-fa\" aria-hidden=\"true\" role=\"img\" xmlns=\"http:\/\/www.w3.org\/2000\/svg\" viewBox=\"0 0 512 512\"><path fill=\"currentColor\" d=\"M256 8C119.034 8 8 119.033 8 256s111.034 248 248 248 248-111.034 248-248S392.967 8 256 8zm130.108 117.892c65.448 65.448 70 165.481 20.677 235.637L150.47 105.216c70.204-49.356 170.226-44.735 235.638 20.676zM125.892 386.108c-65.448-65.448-70-165.481-20.677-235.637L361.53 406.784c-70.203 49.356-170.226 44.736-235.638-20.676z\"><\/path><\/svg><\/div><div class=\"ghostkit-alert-content is-layout-flow wp-block-ghostkit-alert-is-layout-flow\">\n<h2 class=\"wp-block-heading has-text-color\" id=\"risque-a-la-sante-pour-tous\" style=\"color:#dc3232\"><strong>Risque \u00e0 la sant\u00e9 pour tous<\/strong><\/h2>\n\n\n\n<p>L\u2019eau d\u00e9passe la norme ou la valeur recommand\u00e9e pour la sant\u00e9 de la population en g\u00e9n\u00e9ral.<\/p>\n<\/div><\/div>\n\n\n\n<p><\/p>\n","protected":false},"excerpt":{"rendered":"<p>L\u2019outil d\u2019aide \u00e0 l\u2019interpr\u00e9tation est con\u00e7u pour vous aider \u00e0 comprendre vos r\u00e9sultats d\u2019analyse d\u2019eau. Pour l\u2019utiliser, vous devez avoir en main votre certificat d\u2019analyse. Vous devrez inscrire dans l\u2019outil les quantit\u00e9s de contaminants trouv\u00e9s dans votre eau.&nbsp; L\u2019outil vous dira clairement ce que les r\u00e9sultats signifient pour vous. Par exemple, il vous dira si &#8230; <a title=\"Outil d\u2019aide pour savoir quoi faire selon vos r\u00e9sultats d\u2019analyse d\u2019eau\" class=\"read-more\" href=\"\/outils\/\" aria-label=\"More on Outil d\u2019aide pour savoir quoi faire selon vos r\u00e9sultats d\u2019analyse d\u2019eau\">Read more<\/a><\/p>\n","protected":false},"author":1,"featured_media":0,"parent":0,"menu_order":0,"comment_status":"closed","ping_status":"open","template":"","meta":{"ghostkit_customizer_options":"","ghostkit_custom_css":"","ghostkit_custom_js_head":"","ghostkit_custom_js_foot":"","ghostkit_typography":"","footnotes":""},"class_list":["post-2","page","type-page","status-publish"],"_links":{"self":[{"href":"\/outils\/index.php?rest_route=\/wp\/v2\/pages\/2","targetHints":{"allow":["GET"]}}],"collection":[{"href":"\/outils\/index.php?rest_route=\/wp\/v2\/pages"}],"about":[{"href":"\/outils\/index.php?rest_route=\/wp\/v2\/types\/page"}],"author":[{"embeddable":true,"href":"\/outils\/index.php?rest_route=\/wp\/v2\/users\/1"}],"replies":[{"embeddable":true,"href":"\/outils\/index.php?rest_route=%2Fwp%2Fv2%2Fcomments&post=2"}],"version-history":[{"count":64,"href":"\/outils\/index.php?rest_route=\/wp\/v2\/pages\/2\/revisions"}],"predecessor-version":[{"id":714,"href":"\/outils\/index.php?rest_route=\/wp\/v2\/pages\/2\/revisions\/714"}],"wp:attachment":[{"href":"\/outils\/index.php?rest_route=%2Fwp%2Fv2%2Fmedia&parent=2"}],"curies":[{"name":"wp","href":"https:\/\/api.w.org\/{rel}","templated":true}]}}